294)/(-34) - 4/l?
9
Suppose 3*g + 2*w = -89, 16*w + 120 = -4*g + 12*w. Let v = 411 - g. What is the tens digit of v?
4
Let k(i) = 4*i + 5. Let h be k(3). Suppose -20*z + 78 = -h*z. What is the units digit of z?
6
Let b = 27666 - 12978. What is the tens digit of b?
8
Let f = 6389 - 926. What is the thousands digit of f?
5
Let c be -1 + 4 - (-8 - -11). Let y be (-64)/(-144)*18/4. Suppose c = 2*q - 0*q + y*o - 104, -5*o + 207 = 4*q. What is the units digit of q?
3
Suppose -936 = -3*a + 1044. Suppose 4*s = 2*y - 276, -5*y - 6*s = -s - a. What is the units digit of y?
4
Let s = 559 + -299. Suppose 8*l = 1612 + s. What is the units digit of l?
4
Let s be 12/8*(26 + -2). Let o be (-1 + 1)*18/s. Suppose 2*v - 510 = 6*l - 2*l, v - l - 256 = o. What is the hundreds digit of v?
2
Suppose 502*d = 514*d - 492636. What is the hundreds digit of d?
0
Suppose 4*u + w + 2845 = 7*u, 2*w + 8 = 0. Let z = 1410 - u. What is the units digit of z?
3
What is the ten thousands digit of -921*57376/(-264)*1/4?
5
Let h(g) be the first derivative of g**4/4 - 26*g**3/3 + 24*g**2 - 38*g + 4. What is the units digit of h(25)?
7
Suppose -q - 5*j = -2200, 2393 = 2*q + 3*j - 2000. What is the units digit of q?
5
Suppose 7*n = 63*n - 241192. What is the hundreds digit of n?
3
Let b = 9285 + -5229. What is the hundreds digit of b?
0
Suppose 3*r + 3*s = s - 8, 4*s - 4 = -r. Let l be (-50)/r - (-6 - 75/(-10)). Suppose -108 = -13*y + l*y. What is the tens digit of y?
5
Suppose v - 18299 - 7383 = -w, v - 2*w - 25661 = 0. What is the tens digit of v?
7
Let p = -3590 - -7818. What is the tens digit of p?
2
Let h be (6/(-4))/(7/(-154)). Suppose -51 - h = -4*a. What is the units digit of a + 1 - 14/(-7)?
4
Let k = 4695 + -858. What is the tens digit of k?
3
Let l = -87 - -1175. What is the thousands digit of l?
1
Let t(z) = -2*z - 2 + 8 + 3*z**3 - 2. Let a be t(3). Let c = a - 60. What is the tens digit of c?
1
Suppose 0 = 18*k - 14*k. Suppose k = 21*t - 0*t - 28182. What is the hundreds digit of t?
3
Suppose 17*w + 2766 = 53443. Suppose -17*f + w = -4244. What is the tens digit of f?
2
Let r(h) = h**2 + 23*h - 925. What is the tens digit of r(34)?
1
Suppose 4*r = 2*l + 3209 - 383, -r - 5*l = -679. Let y = -509 + r. What is the units digit of y?
5
Suppose -592 = -34*o + 71*o. Let h(p) = 5*p**2 + 22*p + 55. What is the hundreds digit of h(o)?
9
Suppose 0 = 2*g - 5*w - 31281, -75475 = -3*g + 4*w - 28543. What is the units digit of g?
8
Suppose 0 = 3*u + 5*s + 15, 0 = -21*u + 23*u - s - 3. What is the units digit of (u - (2 - -51))/((-5)/20)?
2
Let s(y) = -54*y**3 + 3*y**2 - 3*y. Let m(v) = 2*v**3 + v**2 - 2*v + 1. Let x be m(1). Let q be s(x). Let d = 598 + q. What is the hundreds digit of d?
1
Suppose 33*i + 16467 = -0*i. What is the tens digit of 4 - i - (-1 + 7)?
9
Let d = 4 - -2. Let h(j) = -j**3 + 7*j**2 - 5*j - 6. Let m be h(d). Suppose -i - 5 = m, 0 = -4*z - 9*i + 4*i + 619. What is the units digit of z?
1
Let o(z) = z**3 + 3*z**2 - 12*z - 31. Let m be o(-4). What is the tens digit of (((-6110)/(-20))/13)/(m/2)?
4
Let f(w) = 1392*w - 2622. What is the units digit of f(21)?
0
Suppose 256885 + 141643 = 32*x. What is the hundreds digit of x?
4
Suppose 19*d + 5568 = 13*d. Let m = 1676 + d. What is the units digit of m?
8
Suppose -18*p + 72*p - 144511 = 44219. What is the hundreds digit of p?
4
Suppose -a - 10 = 9*a, 7480 = 5*v - 5*a. What is the units digit of v?
5
Let b = 164 + -163. What is the hundreds digit of (-132 + 857)*(0/b + 1)?
7
Suppose 0*x - 141 = -3*x. Let d = 163 + x. Suppose -2*l + 226 = -5*q - 169, 5*q = l - d. What is the tens digit of l?
8
Let t(z) = 5*z**3 - 14*z**2 - 44*z - 31. Let c(l) = 3*l**3 - 7*l**2 - 23*l - 16. Let p(j) = -7*c(j) + 4*t(j). What is the tens digit of p(-8)?
7
Let f = -106 - -110. Suppose -3*g + f*l = -8*g + 30, 0 = g + 4*l - 22. Suppose r + 4*p = 20, -3*p + 5 - 56 = -g*r. What is the units digit of r?
4
Suppose 0 = -18*t + 19*t + 84. Let u = 87 + t. Suppose 3 = 3*h - 12, 0 = -4*n - u*h + 427. What is the hundreds digit of n?
1
Let u be (3 - (4 - -6)) + -7507. What is the tens digit of u/(-78) + 2/3?
9
Let o(p) be the second derivative of -11*p**3/6 - 21*p**2 - 4*p. Suppose 3*c + 4*x = -x - 34, 28 = -2*c + 2*x. What is the hundreds digit of o(c)?
1
What is the hundreds digit of (((-3970)/(-4))/(-1))/(163/(-326))?
9
What is the units digit of (-507894265)/(-8815) + (-4)/86?
7
Let f(j) = -8*j**2 - 7*j + 3. Let u(a) = -9*a**2 - 7*a + 2. Let q(h) = -3*f(h) + 2*u(h). Let x be (-28)/70*2*5. What is the tens digit of q(x)?
6
Suppose 2*j = -4*f - f + 31, f = -1. What is the units digit of 4/j - 632/(-72)?
9
Suppose -5*k - 5*d = -380, 0 = -k + 3*d + 68 + 24. Suppose -k = 5*v + 3*v. What is the hundreds digit of (-53 + -5)/(4/v)?
1
Suppose -t + 3*g + 16173 = 0, -68*g + 66*g = -12. What is the hundreds digit of t?
1
Let m(w) = 13*w**2 - 9*w + 10. Let j be m(6). Suppose -9*t = -j - 2474. What is the hundreds digit of t?
3
Let c be 10/8 - (-4095)/52. Suppose 170*u + c = 172*u. Suppose u*v - 327 = 37*v. What is the hundreds digit of v?
1
Let h = -157 - -159. What is the hundreds digit of 510 + 5*(h - 3)?
5
Let z(o) = 315*o - o**2 + 311*o - 6 - 605*o. Let p be z(21). What is the units digit of (-232)/(p + 2) - -5?
3
Let j be 4 - (-2 - 9/(-3)). Let u = j + -93. Let b = 213 + u. What is the hundreds digit of b?
1
Suppose -4*s - 4*z = -8824, -3*s - 315*z = -316*z - 6626. What is the thousands digit of s?
2
Let q(f) = 730*f - 2257 + 2257. Let n be q(4). What is the tens digit of (n/30)/((-2)/(-3))?
4
Let i(n) = 32*n + 596. What is the hundreds digit of i(16)?
1
Let b(n) = n + 1. Let r be b(17). Suppose r + 25 = x. Let v = x - -81. What is the units digit of v?
4
Let y = -2610 - -4113. Suppose -4*g = 4, 54*g + y = 2*w + 51*g. What is the units digit of w?
0
Let l(o) = 86*o + 13. Let s be l(3). Let q = s + -73. What is the units digit of q?
8
Let h(d) = d**2 - 7*d + 4. Let c = -69 + 76. Let o be h(c). Suppose -2*w + 2*j = -174, 3*j = -j - o. What is the tens digit of w?
8
Let d(q) = 28*q**3 + q**2 - 2*q - 6. Let o be d(6). Suppose 17*r = 23*r - o. Suppose 4*i + c = r, i + 146 = -2*c + 404. What is the units digit of i?
2
Let j(a) be the first derivative of 4*a**3/3 - 21*a**2/2 - 3*a - 3. Suppose -10*o + 3*i = -5*o - 37, -5*i = 5*o - 45. What is the tens digit of j(o)?
8
Let r(u) = 7555*u - 11008. What is the tens digit of r(9)?
8
Let p(y) be the third derivative of -37*y**6/720 + y**5/60 + 11*y**4/8 - 15*y**2. Let q(w) be the second derivative of p(w). What is the tens digit of q(-4)?
5
Let g = -58 + 61. Suppose g*k - 4*k = -w + 369, 2*w = -2*k + 758. What is the units digit of w?
4
Let u(w) = w**2 - 7*w + 11. Let s be u(6). Let x(v) = v**2 + 14. Let r be x(s). Let c = r - -195. What is the hundreds digit of c?
2
Suppose 0 = -7*y + 2 + 12. Suppose 7 = u - y*u. What is the units digit of (-893)/u + 32/(-56)?
7
Let t = -31138 - -59268. What is the units digit of t?
0
Suppose 0 = -11*n - 4*n + 87083 + 104737. What is the units digit of n?
8
Let r(z) = 7*z**3 - 2*z**2 - 3*z + 2. Let q = -85 - -90. Let l be r(q). Suppose 0*n + l = 4*t + 3*n, -5*n = 2*t - 392. What is the units digit of t?
6
Let h(p) = -30*p**3 + 6*p**2 + 11*p - 19. What is the ten thousands digit of h(-10)?
3
Suppose -2*s + 4 = -4*u - 0*s, -3*u = -s + 4. Let t be ((-40)/16)/(1/u). Suppose t*f = -p + 6*p + 240, 3*p - 178 = -4*f. What is the units digit of f?
6
Let s(x) = -14*x**2 + 3*x - 7. Let u(b) = 12*b**2 - 3*b + 7. Let q(h) = 5*s(h) + 6*u(h). What is the tens digit of q(-4)?
5
Let g(s) = 13*s**2 + 22*s + 16. Suppose -2*q + 4*j + 32 = -4*q, -2*q - 37 = 5*j. What is the hundreds digit of g(q)?
3
Suppose -6 = -27*b + 25*b. Let v be ((-24)/(-4))/(-2)*b. Let u(h) = -h**3 - 8*h**2 - 2*h + 14. What is the tens digit of u(v)?
1
Let o(g) = -5*g**2 - 457 + 13*g + 3*g**3 + 457. What is the hundreds digit of o(5)?
3
Let t be (-25)/(-10)*(0 + 218/5). Suppose -6 = 3*w, 2*w - 137 - t = -5*o. Suppose -b = -145 - o. What is the units digit of b?
5
Suppose -236*a = -222*a - 165116. What is the thousands digit of a?
1
Let w = 877 + -849. Suppose -46*f = -w*f - 18810. What is the thousands digit of f?
1
Let n(l) = -l**3 + 5*l**2 + 12*l - 25. Let q be n(5). Suppose -5*s = -12*s + q. Suppose 3*b - 1040 - 68 = -5*d, -s*d